hat is the remainder when 6926 is divided by 66?
62
What is the remainder when 1040 is divided by 53?
33
What is the remainder when 117 is divided by 25?
17
Calculate the remainder when 2241 is divided by 41.
27
What is the remainder when 1741 is divided by 574?
19
What is the remainder when 5356 is divided by 1775?
31
What is the remainder when 3327 is divided by 278?
269
Calculate the remainder when 2566 is divided by 122.
4
Calculate the remainder when 586 is divided by 59.
55
What is the remainder when 115 is divided by 12?
7
What is the remainder when 806 is divided by 54?
50
Calculate the remainder when 15 is divided by 7.
1
Calculate the remainder when 622 is divided by 46.
24
What is the remainder when 175 is divided by 39?
19
What is the remainder when 41 is divided by 13?
2
Calculate the remainder when 2263 is divided by 71.
62
What is the remainder when 80 is divided by 27?
26
What is the remainder when 291 is divided by 31?
12
Calculate the remainder when 236 is divided by 24.
20
What is the remainder when 107 is divided by 27?
26
What is the remainder when 1055 is divided by 257?
27
What is the remainder when 381 is divided by 23?
13
Calculate the remainder when 129 is divided by 6.
3
What is the remainder when 143 is divided by 35?
3
What is the remainder when 1630 is divided by 34?
32
What is the remainder when 1513 is divided by 34?
17
Calculate the remainder when 420 is divided by 8.
4
What is the remainder when 201 is divided by 49?
5
What is the remainder when 62 is divided by 41?
21
What is the remainder when 383 is divided by 39?
32
Calculate the remainder when 176 is divided by 65.
46
What is the remainder when 498 is divided by 484?
14
Calculate the remainder when 128 is divided by 58.
12
Calculate the remainder when 137 is divided by 45.
2
What is the remainder when 4824 is divided by 402?
0
Calculate the remainder when 672 is divided by 28.
0
Calculate the remainder when 6567 is divided by 90.
87
Calculate the remainder when 271 is divided by 93.
85
What is the remainder when 2455 is divided by 796?
67
What is the remainder when 2411 is divided by 648?
467
Calculate the remainder when 1156 is divided by 9.
4
Calculate the remainder when 116 is divided by 20.
16
Calculate the remainder when 18 is divided by 13.
5
Calculate the remainder when 627 is divided by 6.
3
Calculate the remainder when 784 is divided by 49.
0
What is the remainder when 311 is divided by 69?
35
Calculate the remainder when 360 is divided by 177.
6
What is the remainder when 1057 is divided by 159?
103
What is the remainder when 781 is divided by 204?
169
Calculate the remainder when 452 is divided by 29.
17
What is the remainder when 1623 is divided by 57?
27
What is the remainder when 139 is divided by 20?
19
What is the remainder when 468 is divided by 48?
36
What is the remainder when 181 is divided by 8?
5
What is the remainder when 175 is divided by 2?
1
Calculate the remainder when 948 is divided by 50.
48
Calculate the remainder when 7283 is divided by 12.
11
What is the remainder when 160 is divided by 41?
37
What is the remainder when 52 is divided by 22?
8
What is the remainder when 8646 is divided by 23?
21
Calculate the remainder when 685 is divided by 288.
109
Calculate the remainder when 247 is divided by 61.
3
Calculate the remainder when 1376 is divided by 46.
42
Calculate the remainder when 412 is divided by 190.
32
Calculate the remainder when 17649 is divided by 50.
49
Calculate the remainder when 67 is divided by 30.
7
Calculate the remainder when 1604 is divided by 134.
130
What is the remainder when 1186 is divided by 58?
26
What is the remainder when 61268 is divided by 18?
14
Calculate the remainder when 114 is divided by 5.
4
Calculate the remainder when 84 is divided by 61.
23
Calculate the remainder when 319 is divided by 47.
37
What is the remainder when 570 is divided by 62?
12
What is the remainder when 267 is divided by 4?
3
Calculate the remainder when 99 is divided by 2.
1
What is the remainder when 242 is divided by 62?
56
Calculate the remainder when 1157 is divided by 1145.
12
Calculate the remainder when 508 is divided by 51.
49
What is the remainder when 186 is divided by 27?
24
Calculate the remainder when 3800 is divided by 81.
74
What is the remainder when 357 is divided by 17?
0
Calculate the remainder when 7198 is divided by 19.
16
What is the remainder when 224 is divided by 1?
0
Calculate the remainder when 1517 is divided by 85.
72
What is the remainder when 37 is divided by 7?
2
Calculate the remainder when 428 is divided by 18.
14
What is the remainder when 389 is divided by 146?
97
Calculate the remainder when 84 is divided by 35.
14
Calculate the remainder when 3448 is divided by 25.
23
What is the remainder when 247 is divided by 83?
81
Calculate the remainder when 59 is divided by 30.
29
Calculate the remainder when 1715 is divided by 52.
51
Calculate the remainder when 95 is divided by 24.
23
What is the remainder when 138 is divided by 57?
24
Calculate the remainder when 3649 is divided by 18.
13
What is the remainder when 5027 is divided by 388?
371
What is the remainder when 47 is divided by 36?
11
Calculate the remainder when 103 is divided by 88.
15
What is the remainder when 22 is divided by 6?
4
Calculate the remainder when 4254 is divided by 236.
6
Calculate the remainder when 640 is divided by 12.
4
Calculate the remainder when 250 is divided by 84.
82
What is the remainder when 294 is divided by 34?
22
Calculate the remainder when 696 is divided by 167.
28
Calculate the remainder when 603 is divided by 76.
71
What is the remainder when 15 is divided by 14?
1
Calculate the remainder when 59 is divided by 22.
15
Calculate the remainder when 712 is divided by 15.
7
Calculate the remainder when 1079 is divided by 15.
14
Calculate the remainder when 92 is divided by 89.
3
Calculate the remainder when 1697 is divided by 252.
185
What is the remainder when 6319 is divided by 56?
47
Calculate the remainder when 121 is divided by 119.
2
What is the remainder when 68 is divided by 20?
8
What is the remainder when 494 is divided by 11?
10
Calculate the remainder when 7051 is divided by 126.
121
Calculate the remainder when 117 is divided by 74.
43
Calculate the remainder when 1501 is divided by 16.
13
What is the remainder when 74 is divided by 12?
2
What is the remainder when 257 is divided by 10?
7
Calculate the remainder when 135 is divided by 10.
5
Calculate the remainder when 111 is divided by 48.
15
What is the remainder when 655 is divided by 14?
11
What is the remainder when 24 is divided by 5?
4
Calculate the remainder when 3147 is divided by 63.
60
Calculate the remainder when 198 is divided by 27.
9
What is the remainder when 169 is divided by 151?
18
Calculate the remainder when 94 is divided by 25.
19
What is the remainder when 595 is divided by 191?
22
What is the remainder when 587 is divided by 59?
56
Calculate the remainder when 255 is divided by 20.
15
What is the remainder when 4107 is divided by 15?
12
What is the remainder when 124 is divided by 38?
10
What is the remainder when 546 is divided by 46?
40
What is the remainder when 7359 is divided by 134?
123
Calculate the remainder when 107 is divided by 47.
13
What is the remainder when 95 is divided by 19?
0
Calculate the remainder when 583 is divided by 8.
7
Calculate the remainder when 1183 is divided by 8.
7
Calculate the remainder when 343 is divided by 335.
8
Calculate the remainder when 1167 is divided by 8.
7
Calculate the remainder when 4173 is divided by 275.
48
Calculate the remainder when 26 is divided by 10.
6
What is the remainder when 428 is divided by 43?
41
What is the remainder when 682 is divided by 19?
17
What is the remainder when 151 is divided by 74?
3
What is the remainder when 88 is divided by 31?
26
Calculate the remainder when 1974 is divided by 986.
2
Calculate the remainder when 653 is divided by 4.
1
What is the remainder when 505 is divided by 46?
45
What is the remainder when 562 is divided by 192?
178
Calculate the remainder when 1999 is divided by 4.
3
Calculate the remainder when 339 is divided by 49.
45
What is the remainder when 701 is divided by 101?
95
What is the remainder when 900